v**2 - 10*v - 22. What is w(y)?
-22
Let l(a) = 16*a - 44. Let i = -642 + 645. Give l(i).
4
Let h(l) = 2*l. Let s(q) = -6*q - 3. Let g be s(-8). Let b be 1 + g/(-35) + 150/35. Determine h(b).
8
Let h = 5 + -7. Let k be (32/4 - 4) + (-2 - -1). Let b(g) = 10 - 10 + g**2 + 0*g - 2*g + 4*g + k. Determine b(h).
3
Suppose -262*v + 108 = -259*v. Suppose -21*x = -17*x - v. Suppose -2*u - x = 3. Let s(d) = -d**2 - 5*d - 7. What is s(u)?
-13
Let m(u) = -20 - 238*u**2 + 119*u**2 + 12*u + u**3 + 107*u**2. What is m(11)?
-9
Let r(m) = -7*m - 12 + 2 - 84 - m. Calculate r(-12).
2
Suppose 618*g = 679*g - 61. Let o(s) = 30*s**2 - 10*s + 10. Determine o(g).
30
Let n(t) be the second derivative of 3*t**3/2 - 724*t. Let o be (-13)/(-3) + (-1)/3. Suppose o = -4*a + 4*g, -g = 4*a - 6*g + 4. What is n(a)?
-9
Suppose -4*f - 3*t - 66 + 203 = 0, 2*t + 107 = 3*f. Suppose 4*k - 6*k + 8 = 4*v, -2*k + 5*v = -f. Let a(m) = -m**2 + 9*m + 8. What is a(k)?
-2
Let j(g) be the second derivative of -g**4/12 - 41*g**3/6 + 3*g**2 - 1190*g. Determine j(-41).
6
Suppose 0 = -p + 2*j + 6, -3*p - 8 + 5 = j. Suppose p = -11*i + 47 + 8. Let k(b) be the second derivative of 2*b**3/3 - b**2 - b. What is k(i)?
18
Let d be (1 + -2)*1*-2. Suppose -4*b + 20 = -4*n, 0*b - b - 4*n = 0. Let a(h) = -b*h**2 - 1216*h + 1216*h. Calculate a(d).
-16
Suppose 5*g - 3*g + 6 = 0, -q + 5 = g. Let c(o) be the second derivative of 7/6*o**3 + 1/20*o**5 - 3/4*o**4 + 20*o + 7/2*o**2 + 0. Determine c(q).
-1
Let c(n) be the third derivative of -n**6/120 - 7*n**5/60 + n**4/6 - 19*n**3/6 - 143*n**2 - 4*n. Determine c(-8).
13
Let k(g) be the first derivative of -g**5/120 + 3*g**4/8 - 4*g**3 + 2. Let t(i) be the third derivative of k(i). Suppose 63 = 3*x + 6*x. Calculate t(x).
2
Let n = -224 - -219. Let q(f) = -f**3 - 2*f. Let z(p) = -4*p**3 - 4*p**2 - 11*p - 1. Let x(i) = n*q(i) + z(i). What is x(2)?
-11
Let q(r) be the third derivative of -r**4/24 - 2*r**3 + 307*r**2 - 3. Let p be (-8)/(-6)*(-30)/4. Determine q(p).
-2
Let g(b) = 3 + 2*b - 4 - 42432*b**3 + 21254*b**3 + 21175*b**3. Let o(j) = -j**2 + 1. Let u be o(-2). Let l be (-1 - u - 1)/1. Give g(l).
-2
Let y = 6 + -12. Let c(m) = 7*m**3 + 14*m**2 + 4*m - 6. Let j(u) = 10*u**3 + 21*u**2 + 7*u - 8. Let v(t) = 7*c(t) - 5*j(t). What is v(y)?
4
Let j = 1193/3 + -397. Let c(x) be the second derivative of j*x**3 - 3*x + 0*x**2 - 1/12*x**4 + 0. Calculate c(4).
0
Let z(r) = -5 - 2*r**3 - 4*r**3 + 5*r**3 - 5*r**2. Let c(j) = -134*j**2 - 256*j + 18. Let h be c(-2). Give z(h).
31
Let f = 7689 - 7656. Let i(m) = -m**2 + 33*m + 13. Calculate i(f).
13
Let k(r) = r**2 - 8*r - 3. Let b = -303 - -367. Suppose -21*w + b = -13*w. What is k(w)?
-3
Let p be ((-288)/27 + 10)/(13*(-4)/(-78)). Let s(z) = 1 + 7*z - 1 + 1 - 10*z**2. Let a(u) = 10*u**2 - 6*u - 1. Let f(o) = -6*a(o) - 5*s(o). What is f(p)?
-10
Let s(l) be the first derivative of -3*l**2 - l + 25. Let k(g) = g. Let n(z) = 5*k(z) + s(z). Calculate n(-4).
3
Let f(l) = -6*l - 1 + 3*l - 844649*l**2 + 844654*l**2. Calculate f(-3).
53
Let q(f) = -11*f + 156. Let i be q(16). Let w(z) = -2*z - 41. Let m be w(i). Let n(l) = -11*l**2 - 3*l - 2. Determine n(m).
-10
Let k(d) = -d**2 - 7*d + 6. Let n = -561 + 1053. Let x = n + -498. Give k(x).
12
Suppose -4*m = 363 - 371. Let v(a) be the third derivative of a**5/20 - a**4/8 + 48*a**2. Calculate v(m).
6
Let c(w) be the second derivative of -2*w**3 + w**2 + 2*w. Let r be ((-54)/152 + (-468)/(-1872))/(1/(-19)). Give c(r).
-22
Let w(a) = 7*a**2 - 2*a - 1. Let l(r) = -82 + 84 - 6*r**2 + 6*r + 2*r - 16*r**2. Let n(s) = 2*l(s) + 7*w(s). Determine n(2).
21
Let d(i) = 4*i**3 + 4*i**2 + 6*i - 24. Let g(c) = 3*c**3 + 3*c**2 + 4*c - 23. Let y(m) = -2*d(m) + 3*g(m). Calculate y(0).
-21
Suppose -131*v = -49*v + 410. Let q(u) = 2*u**2 + 14*u + 15. Calculate q(v).
-5
Let v(q) = -27*q**3 - 36*q**2 - 19*q - 29. Let x(w) = -5*w**3 - 7*w**2 - 4*w - 6. Let s(k) = 2*v(k) - 11*x(k). What is s(-5)?
-22
Suppose -19*k + 90 = -16*k. Suppose k = 8*d - 11*d. Let a(c) = c**2 + 11*c + 9. What is a(d)?
-1
Let i be 2 + -7 - 11/(-1). Let t(v) = -v - 4. Let f(q) = q**2 + q + 5. Let l(r) = i*t(r) + 5*f(r). Let d = 3 + -2. Give l(d).
5
Let f = -221/10 + 1331/60. Let q(g) be the second derivative of 0 - 5/2*g**2 + 17*g + 3/2*g**3 + f*g**4. Determine q(-10).
5
Let n(p) = 5*p - 2*p - 2*p - 2. Suppose -70*c - 1620 - 2324 = -563*c. Give n(c).
6
Suppose 47 = 4*i + 5*q, -2*i - 2*i = -5*q - 17. Suppose c = i*c - 42. Suppose c = -x + 4*x. Let s(n) = -5*n - 1. Determine s(x).
-11
Let s(d) be the third derivative of 7*d**6/120 - d**5/30 + d**4/24 - d**2. Suppose 8*f - 40 = -8. Suppose 6*j - j + 2*x = 13, f*j - x = 0. Calculate s(j).
6
Let g(b) = 7*b + 13. Let z(q) = -q**2 + 16*q - 74. Let c be z(8). Give g(c).
-57
Let j(m) = 1. Let n(a) = 5. Let p(t) = -4*j(t) + n(t). Let o(y) = 2*y + 12. Let r(b) = o(b) - 3*p(b). Let s(k) = -1. Let c(x) = r(x) + 6*s(x). Determine c(3).
9
Let m(y) = -360*y + 185*y + 184*y + 5. Let w be m(-2). Let p(r) = -3*r - 17. What is p(w)?
22
Let o(c) be the third derivative of c**6/80 + c**4/8 + c**3/3 + 108*c**2. Let z(l) be the second derivative of o(l). Calculate z(1).
9
Suppose -4*u - 2*d = -240, 268 = 4*u + 2*d - 7*d. Suppose u*i = 63*i - 2. Let a(o) = -4*o + 5. Let c(b) = -3*b + 4. Let v(p) = 5*a(p) - 6*c(p). Calculate v(i).
-3
Let i be 4*(-2 + (-1)/(-2)). Let h(f) be the first derivative of f**4/4 + 5*f**3/3 - 7*f**2/2 - 9*f - 280. What is h(i)?
-3
Let b(i) = -236 + 18*i + 8*i + 265 - 43*i - i**2. What is b(-19)?
-9
Let u = 89 - 92. Let q(y) = -y**2 + y + 8. Let h be q(u). Let t(c) = -3*c - 13. Let l(f) = -f - 6. Let r(a) = 13*l(a) - 6*t(a). Give r(h).
-20
Let h(s) = -153*s - 2 - 7*s**3 + 8*s**3 - 2 - 137*s + 8*s**2 + 288*s. Let l = -21 + 13. Calculate h(l).
12
Suppose 0 = -18*w - 9*w + 17*w - 10. Let s(o) = -901*o**2 - 136*o. Let j(z) = 20*z**2 + 3*z. Let h(a) = -136*j(a) - 3*s(a). Calculate h(w).
-17
Let h(i) = -3*i**2 + 5*i + 6. Let n(m) = -4*m**2 + 4*m + 5. Let r(d) = -5*h(d) + 6*n(d). Let j = -3055 - -3054. Calculate r(j).
-8
Let w(c) = 5*c**3 + 7*c - 6. Suppose 199 = 5*m - 5*b + 194, -3*m + 4*b + 3 = 0. Give w(m).
6
Let d(l) = -6*l**2 + 3*l**2 - l**3 + 2 + 0 + 6*l. Let s be 4*1 - (159 + -151). Give d(s).
-6
Let q be (16/(-32))/((-4)/8). Let y(m) be the third derivative of m**6/8 + m**5/60 - m**4/24 + m**3/6 + 29*m**2 - 2. Determine y(q).
16
Suppose 0 = -22*w - 1356 - 2802. Let f = w - -200. Let o(r) = r**2 - 12*r + 3. Calculate o(f).
-8
Let h be (-3 + -4 + 9)*1/2. Let c(k) = -15*k**3 - k**2 + 3*k - 1. Give c(h).
-14
Let a(s) = s**3 + 127*s**2 + 41*s + 5214. Let o be a(-127). Let j(z) = 17*z - 99. Calculate j(o).
20
Let h = 0 + -3. Let p(v) be the second derivative of -v**5/20 - v**4/4 - v**2 - 25352*v. What is p(h)?
-2
Let b = -49 + 54. Let q(k) = -140*k + 11. Let p(w) = -93*w + 7. Let z(y) = b*q(y) - 8*p(y). Give z(1).
43
Let b(i) = i**2 - 25*i + 23. Suppose 36*c - 2500 = -91*c + 27*c. Calculate b(c).
23
Let t(w) = 3*w - 6*w + 3 - 2 - 6*w. Let q be -7*(-2)/10 + 16/(-40). Determine t(q).
-8
Let w(s) = 12*s**3 + 19*s**2 + 21*s - 5. Suppose 0 = 56*u - 44*u - 60. Let l(p) = 5*p**3 + 9*p**2 + 10*p - 2. Let n(q) = u*l(q) - 2*w(q). What is n(-6)?
-12
Let b = 11 - 6. Let z(p) = 2*p**3 - 6 - p**3 - b*p**2 - 3*p**3 + p**3 - p. Let o(n) = -10*n**2 + 218*n + 39. Let j be o(22). Calculate z(j).
-1
Suppose -40 = -17867*x + 17863*x. Let y(q) = -q**3 + 11*q**2 - 8*q + 2. Give y(x).
22
Let a be ((-37)/(2220/(-72)))/(12/140). Let t(c) = -8*c - 3. Give t(a).
-115
Let t(j) = -3*j**2 - 4*j + 3. Let x be -2*(-1 - 2) + (-80)/(-11 - -19). Calculate t(x).
-29
Suppose 7*o = 58408 + 35336. Let p(g) = o - 13392 - 5*g. What is p(-1)?
5
Suppose -249*f + 252*f - 28 = -5*u, 4*f = 3*u - 11. Let d(w) = -2*w + 9. Give d(f).
7
Suppose 3*o - 4*x = -28, x = 6*o + 6*x + 4. Let z(q) = -8*q**3 - 31*q**2 + q - 5. Determine z(o).
7
Let n(k) = -702*k - 747*k + 1451*k - 1 + 8*k**3. Let a(f) = -f - 1. Let c be a(-3). Suppose -2*t = -4 + c. What is n(t)?
9
Let k(u) = -5*u**2 - u + 1. Let s(c) = c**3 + 5*c**2 + c - 4. Let y be s(-4). Suppose 82*b - 74*b = y. Give k(b).
-5
Let g(t) = -t**3 + 8*t**2 - 3*t + 35. Suppose -5*n - i = -42, 2*n - 18 = -n + 3*i. Determine g(n).
11
Let p(f) be the second derivative of -f**5/20 - f**4/8 - 25*f**3/6 - 3*f